{"id":427,"date":"2021-03-10T15:13:16","date_gmt":"2021-03-10T15:13:16","guid":{"rendered":"http:\/\/soziologie-der-nachhaltigkeit.de\/?page_id=427"},"modified":"2025-04-28T18:39:32","modified_gmt":"2025-04-28T18:39:32","slug":"sona-buchreihe","status":"publish","type":"page","link":"https:\/\/soziologie-der-nachhaltigkeit.de\/?page_id=427","title":{"rendered":"SONA-Buchreihe"},"content":{"rendered":"\n<p>Die vom Arbeitskreis im transcript Verlag herausgegebene <a href=\"https:\/\/www.transcript-verlag.de\/reihen\/soziologie\/soziologie-der-nachhaltigkeit\/?f=12320\">Reihe \u00bbSoziologie der Nachhaltigkeit\u00ab<\/a> versammelt Publikationen, die Themen nachhaltiger Gesellschaftsentwicklung aus einer spezifisch soziologischen Blickrichtung untersuchen. Das inhaltliche Spektrum reicht von konkreten Untersuchungsgegenst\u00e4nden (wie etwa nachhaltiger Stadtentwicklung) \u00fcber nachhaltigkeitsbezogene Grundfragen (wie etwa Zukunft, Wissen oder Macht) bis hin zur Reflektion und Verortung von Nachhaltigkeit selbst. Eine soziologische Blickrichtung wird in dieser Reihe weit verstanden \u2013 sie umfasst interaktions-, praxis- sowie gesellschaftstheoretische Ans\u00e4tze und reicht von empirischer Sozialforschung bis hin zu sozialpsychologischen Perspektiven. Die Reihe versteht sich als Rahmen f\u00fcr disziplin\u00e4r-soziologische Publikationen, um aus dieser Disziplinarit\u00e4t heraus in inter- und transdisziplin\u00e4ren Dialog zu treten und so das Spektrum soziologischer Analyse f\u00fcr das Verstehen, Erkl\u00e4ren und Gestalten von Nachhaltigkeit zu nutzen.<\/p>\n\n\n\n<p><strong>Buchvorschl\u00e4ge f\u00fcr die Reihe sind herzlich willkommen<\/strong>! Senden Sie Ihre Vorschl\u00e4ge gerne in Form eines Manuskripts bzw. aussagekr\u00e4ftigen Buchkonzepts an den Sprecher*innenkreis (sh. Kontakt).<\/p>\n\n\n\n<p><\/p>\n\n\n\n<h4>Titel der Reihe<\/h4>\n\n\n\n<div class=\"wp-block-media-text alignwide is-stacked-on-mobile\" style=\"grid-template-columns:40% auto\"><figure class=\"wp-block-media-text__media\"><img decoding=\"async\" loading=\"lazy\" width=\"673\" height=\"1024\" src=\"https:\/\/soziologie-der-nachhaltigkeit.de\/wp-content\/uploads\/2025\/04\/Theiler-Nachhaltigkeitsprobleme-673x1024.jpg\" alt=\"\" class=\"wp-image-729 size-full\" srcset=\"https:\/\/soziologie-der-nachhaltigkeit.de\/wp-content\/uploads\/2025\/04\/Theiler-Nachhaltigkeitsprobleme-673x1024.jpg 673w, https:\/\/soziologie-der-nachhaltigkeit.de\/wp-content\/uploads\/2025\/04\/Theiler-Nachhaltigkeitsprobleme-197x300.jpg 197w, https:\/\/soziologie-der-nachhaltigkeit.de\/wp-content\/uploads\/2025\/04\/Theiler-Nachhaltigkeitsprobleme-768x1168.jpg 768w, https:\/\/soziologie-der-nachhaltigkeit.de\/wp-content\/uploads\/2025\/04\/Theiler-Nachhaltigkeitsprobleme.jpg 789w\" sizes=\"(max-width: 673px) 100vw, 673px\" \/><\/figure><div class=\"wp-block-media-text__content\">\n<p>Lena Theiler (2025): Nachhaltigkeitsprobleme kommunizieren. Heruasfroderungen f\u00fcr wissenschaftliche Organisationen. Bielefeld: Transcript. <a href=\"https:\/\/www.transcript-verlag.de\/978-3-8376-7604-4\/nachhaltigkeitsprobleme-kommunizieren\/?number=978-3-8394-7604-8&amp;c=311025063\" target=\"_blank\" rel=\"noreferrer noopener\">Open Access.<\/a><\/p>\n<\/div><\/div>\n\n\n\n<div class=\"wp-block-media-text alignwide is-stacked-on-mobile\" style=\"grid-template-columns:40% auto\"><figure class=\"wp-block-media-text__media\"><img decoding=\"async\" loading=\"lazy\" width=\"673\" height=\"1024\" src=\"https:\/\/soziologie-der-nachhaltigkeit.de\/wp-content\/uploads\/2025\/04\/Kessler-Competing-Climate-Cultures-673x1024.jpg\" alt=\"\" class=\"wp-image-727 size-full\" srcset=\"https:\/\/soziologie-der-nachhaltigkeit.de\/wp-content\/uploads\/2025\/04\/Kessler-Competing-Climate-Cultures-673x1024.jpg 673w, https:\/\/soziologie-der-nachhaltigkeit.de\/wp-content\/uploads\/2025\/04\/Kessler-Competing-Climate-Cultures-197x300.jpg 197w, https:\/\/soziologie-der-nachhaltigkeit.de\/wp-content\/uploads\/2025\/04\/Kessler-Competing-Climate-Cultures-768x1168.jpg 768w, https:\/\/soziologie-der-nachhaltigkeit.de\/wp-content\/uploads\/2025\/04\/Kessler-Competing-Climate-Cultures.jpg 789w\" sizes=\"(max-width: 673px) 100vw, 673px\" \/><\/figure><div class=\"wp-block-media-text__content\">\n<p>Sarah Kessler (2024):<br>Competing Climate Cultures in Germany. Variations in the Collective Denying of Responsibility and Efficacy. Bielefeld: transcript. <a rel=\"noreferrer noopener\" href=\"https:\/\/www.transcript-verlag.de\/978-3-8376-7143-8\/competing-climate-cultures-in-germany\/?number=978-3-8394-7143-2&amp;c=311025063\" target=\"_blank\">Open Access.<\/a><\/p>\n<\/div><\/div>\n\n\n\n<div class=\"wp-block-media-text alignwide is-stacked-on-mobile\" style=\"grid-template-columns:40% auto\"><figure class=\"wp-block-media-text__media\"><a href=\"https:\/\/www.transcript-verlag.de\/978-3-8376-5666-4\/schluesselwerke-der-sozialwissenschaftlichen-klimaforschung\/?c=311025063\" target=\"_blank\" rel=\"noreferrer noopener\"><img decoding=\"async\" loading=\"lazy\" width=\"388\" height=\"600\" src=\"https:\/\/soziologie-der-nachhaltigkeit.de\/wp-content\/uploads\/2022\/06\/Schluesselwerke-der-Klimaforschung-2.jpg\" alt=\"\" class=\"wp-image-549 size-full\" srcset=\"https:\/\/soziologie-der-nachhaltigkeit.de\/wp-content\/uploads\/2022\/06\/Schluesselwerke-der-Klimaforschung-2.jpg 388w, https:\/\/soziologie-der-nachhaltigkeit.de\/wp-content\/uploads\/2022\/06\/Schluesselwerke-der-Klimaforschung-2-194x300.jpg 194w\" sizes=\"(max-width: 388px) 100vw, 388px\" \/><\/a><\/figure><div class=\"wp-block-media-text__content\">\n<p style=\"font-size:16px\">Youssef Ibrahim \/ Simone R\u00f6dder (Hrsg.) (2022): Schl\u00fcsselwerke der sozialwissenschaftlichen Klimaforschung. Bielefeld: transcript. <a href=\"https:\/\/www.transcript-verlag.de\/978-3-8376-5666-4\/schluesselwerke-der-sozialwissenschaftlichen-klimaforschung\/\" target=\"_blank\" rel=\"noreferrer noopener\">Open Access.<\/a><\/p>\n<\/div><\/div>\n\n\n\n<div class=\"wp-block-media-text alignwide is-stacked-on-mobile\" style=\"grid-template-columns:40% auto\"><figure class=\"wp-block-media-text__media\"><img decoding=\"async\" loading=\"lazy\" width=\"673\" height=\"1024\" src=\"https:\/\/soziologie-der-nachhaltigkeit.de\/wp-content\/uploads\/2022\/06\/9783837656923BZ9nADt89Mbrm_600x600@2x-673x1024.jpg\" alt=\"\" class=\"wp-image-555 size-full\" srcset=\"https:\/\/soziologie-der-nachhaltigkeit.de\/wp-content\/uploads\/2022\/06\/9783837656923BZ9nADt89Mbrm_600x600@2x-673x1024.jpg 673w, https:\/\/soziologie-der-nachhaltigkeit.de\/wp-content\/uploads\/2022\/06\/9783837656923BZ9nADt89Mbrm_600x600@2x-197x300.jpg 197w, https:\/\/soziologie-der-nachhaltigkeit.de\/wp-content\/uploads\/2022\/06\/9783837656923BZ9nADt89Mbrm_600x600@2x-768x1168.jpg 768w, https:\/\/soziologie-der-nachhaltigkeit.de\/wp-content\/uploads\/2022\/06\/9783837656923BZ9nADt89Mbrm_600x600@2x.jpg 789w\" sizes=\"(max-width: 673px) 100vw, 673px\" \/><\/figure><div class=\"wp-block-media-text__content\">\n<p style=\"font-size:16px\">G\u00f6rgen, Benjamin (2021): Nachhaltige Lebensf\u00fchrung. Praktiken und Transformationspotenziale gemeinschaftlicher Wohnprojekte. Bielefeld: transcript. <a href=\"https:\/\/www.transcript-verlag.de\/978-3-8376-5692-3\/nachhaltige-lebensfuehrung\/\" target=\"_blank\" rel=\"noreferrer noopener\">Open Access.<\/a><\/p>\n<\/div><\/div>\n\n\n\n<div class=\"wp-block-media-text alignwide is-stacked-on-mobile\" style=\"grid-template-columns:40% auto\"><figure class=\"wp-block-media-text__media\"><a href=\"https:\/\/www.transcript-verlag.de\/978-3-8376-5199-7\/soziologie-der-nachhaltigkeit\/\" target=\"_blank\" rel=\"noopener\"><img decoding=\"async\" loading=\"lazy\" width=\"673\" height=\"1024\" src=\"https:\/\/soziologie-der-nachhaltigkeit.de\/wp-content\/uploads\/2022\/06\/9783837651997GSOtNJCxx6q5u_600x600@2x-673x1024.jpg\" alt=\"\" class=\"wp-image-556 size-full\" srcset=\"https:\/\/soziologie-der-nachhaltigkeit.de\/wp-content\/uploads\/2022\/06\/9783837651997GSOtNJCxx6q5u_600x600@2x-673x1024.jpg 673w, https:\/\/soziologie-der-nachhaltigkeit.de\/wp-content\/uploads\/2022\/06\/9783837651997GSOtNJCxx6q5u_600x600@2x-197x300.jpg 197w, https:\/\/soziologie-der-nachhaltigkeit.de\/wp-content\/uploads\/2022\/06\/9783837651997GSOtNJCxx6q5u_600x600@2x-768x1168.jpg 768w, https:\/\/soziologie-der-nachhaltigkeit.de\/wp-content\/uploads\/2022\/06\/9783837651997GSOtNJCxx6q5u_600x600@2x.jpg 789w\" sizes=\"(max-width: 673px) 100vw, 673px\" \/><\/a><\/figure><div class=\"wp-block-media-text__content\">\n<p style=\"font-size:16px\">SONA &#8211; Netzwerk Soziologie der Nachhaltigkeit (Hrsg.) (2021): Soziologie der Nachhaltigkeit. Bielefeld: transcript. <a href=\"https:\/\/www.transcript-verlag.de\/978-3-8376-5199-7\/soziologie-der-nachhaltigkeit\/\" target=\"_blank\" rel=\"noreferrer noopener\">Open Access.<\/a><\/p>\n<\/div><\/div>\n\n\n\n<hr class=\"wp-block-separator has-css-opacity\"\/>\n\n\n\n<p><\/p>\n","protected":false},"excerpt":{"rendered":"<p>Die vom Arbeitskreis im transcript Verlag herausgegebene Reihe \u00bbSoziologie der Nachhaltigkeit\u00ab versammelt Publikationen, die Themen nachhaltiger Gesellschaftsentwicklung aus einer spezifisch soziologischen Blickrichtung untersuchen. Das inhaltliche Spektrum reicht von konkreten Untersuchungsgegenst\u00e4nden (wie etwa nachhaltiger Stadtentwicklung) \u00fcber nachhaltigkeitsbezogene Grundfragen (wie etwa Zukunft, Wissen oder Macht) bis hin zur Reflektion und Verortung von Nachhaltigkeit selbst. Eine soziologische Blickrichtung &hellip; <a href=\"https:\/\/soziologie-der-nachhaltigkeit.de\/?page_id=427\" class=\"more-link\"><span class=\"screen-reader-text\">SONA-Buchreihe<\/span> weiterlesen <span class=\"meta-nav\">&rarr;<\/span><\/a><\/p>\n","protected":false},"author":1,"featured_media":0,"parent":0,"menu_order":0,"comment_status":"closed","ping_status":"closed","template":"","meta":[],"_links":{"self":[{"href":"https:\/\/soziologie-der-nachhaltigkeit.de\/index.php?rest_route=\/wp\/v2\/pages\/427"}],"collection":[{"href":"https:\/\/soziologie-der-nachhaltigkeit.de\/index.php?rest_route=\/wp\/v2\/pages"}],"about":[{"href":"https:\/\/soziologie-der-nachhaltigkeit.de\/index.php?rest_route=\/wp\/v2\/types\/page"}],"author":[{"embeddable":true,"href":"https:\/\/soziologie-der-nachhaltigkeit.de\/index.php?rest_route=\/wp\/v2\/users\/1"}],"replies":[{"embeddable":true,"href":"https:\/\/soziologie-der-nachhaltigkeit.de\/index.php?rest_route=%2Fwp%2Fv2%2Fcomments&post=427"}],"version-history":[{"count":36,"href":"https:\/\/soziologie-der-nachhaltigkeit.de\/index.php?rest_route=\/wp\/v2\/pages\/427\/revisions"}],"predecessor-version":[{"id":730,"href":"https:\/\/soziologie-der-nachhaltigkeit.de\/index.php?rest_route=\/wp\/v2\/pages\/427\/revisions\/730"}],"wp:attachment":[{"href":"https:\/\/soziologie-der-nachhaltigkeit.de\/index.php?rest_route=%2Fwp%2Fv2%2Fmedia&parent=427"}],"curies":[{"name":"wp","href":"https:\/\/api.w.org\/{rel}","templated":true}]}}