{"id":259,"date":"2019-03-19T11:20:31","date_gmt":"2019-03-19T11:20:31","guid":{"rendered":"http:\/\/soziologie-der-nachhaltigkeit.de\/?page_id=259"},"modified":"2023-03-27T06:46:23","modified_gmt":"2023-03-27T06:46:23","slug":"forschungsprojekte","status":"publish","type":"page","link":"https:\/\/soziologie-der-nachhaltigkeit.de\/?page_id=259","title":{"rendered":"Forschungsprojekte"},"content":{"rendered":"\n<p><strong>Ecovillages as Incubators for Sustainability Transitions<\/strong><br>Schweizerischer Nationalfonds (SNF)<br><a rel=\"noreferrer noopener\" href=\"https:\/\/ecovillages.theologie.unibas.ch\" target=\"_blank\">Link zum Projekt<\/a>: <a rel=\"noreferrer noopener\" href=\"https:\/\/ecovillages.theologie.unibas.ch\/de\/\" target=\"_blank\">https:\/\/ecovillages.theologie.unibas.ch\/de<\/a><br>Laufzeit: Juni 2021 bis Mai 2025<br>Prof. Dr. Jens K\u00f6hrsen (Universit\u00e4t Basel)<\/p>\n\n\n\n<p><strong>Are Religions Becoming Green?<\/strong><br>Schweizerischer Nationalfonds (SNF)<br>Laufzeit: Februar 2021 bis Januar 2024<br><a rel=\"noreferrer noopener\" href=\"https:\/\/greenreligion.theologie.unibas.ch\/en\/are-religions-becoming-green\" target=\"_blank\">Link zum Projekt:<\/a> <a rel=\"noreferrer noopener\" href=\"https:\/\/greenreligion.theologie.unibas.ch\/en\/are-religions-becoming-green\/\" target=\"_blank\">https:\/\/greenreligion.theologie.unibas.ch\/en\/are-religions-becoming-green<\/a><br>Prof. Dr. Jens K\u00f6hrsen (Universit\u00e4t Basel)<\/p>\n\n\n\n<p><strong>Weiterentwicklung und Verstetigung des Open-Access-Journals \u201eSoziologie und Nachhaltigkeit\u201c (SuN)<\/strong><br>Deutsche Forschungsgemeinschaft (DFG)<br>Laufzeit 2021 bis 2023<br><a rel=\"noreferrer noopener\" href=\"https:\/\/gepris.dfg.de\/gepris\/projekt\/490954504?context=projekt&amp;task=showDetail&amp;id=490954504&amp;\" target=\"_blank\">Link zum Projekt (GEPRIS)<\/a><br>Prof. Dr. Mathias Grundmann, Dr. Bj\u00f6rn Wendt<br>Projektmitarbeiter: Niklas Haarbusch, Carsten Ohlrogge, Jakob Kre\u00df<br>Universit\u00e4t M\u00fcnster<\/p>\n\n\n\n<p><strong>Verbundprojekt \u201eDilemmata der Nachhaltigkeit zwischen  Evaluation und Reflexion. Begr\u00fcndete Kriterien und Leitlinien f\u00fcr Nachhaltigkeitswissen\u201c<\/strong><br>Volkswagenstiftung und Nieders\u00e4chsisches Ministerium f\u00fcr  Wissenschaft und Kultur  im Rahmen des F\u00f6rderprogramms \u201eWissenschaft Nachhaltige Entwicklung\u201c<br>Laufzeit: 2019 bis 2022<br><a rel=\"noreferrer noopener\" href=\"https:\/\/www.tu-braunschweig.de\/philosophie\/dilemmata\" target=\"_blank\">https:\/\/www.tu-braunschweig.de\/philosophie\/dilemmata<\/a><br>Prof. Anna Henkel<em> <\/em>(Leuphana Universit\u00e4t L\u00fcneburg), Prof. Matthias Bergmann (Sozialwissenschaft,  ISOE\/Leuphana), Prof. Nicole Karafyllis (Philosophie, Braunschweig),  Prof. Karsten Speck (Bildungswissenschaft, Oldenburg), Prof.  Bernd Siebenh\u00fcner (\u00d6konomie, Oldenburg). <\/p>\n\n\n\n<p><strong>Prototyp. Zukunft materiell entwerfen. Prototypen als Kommunikationsmedien des Neuen<\/strong> (BMBF Verbundprojekt)<br>Laufzeit: 2018-2021<br><a href=\"https:\/\/prototyping-futures.org\/\">https:\/\/prototyping-futures.org\/<\/a><\/p>\n\n\n\n<p><strong>Soziologie des Un\/Verf\u00fcgbaren, DFG-gef\u00f6rdertes wissenschaftliches Netzwerk,<\/strong>&nbsp;<a class=\"\" rel=\"noreferrer noopener\" href=\"https:\/\/gepris.dfg.de\/gepris\/projekt\/441796652\" target=\"_blank\">https:\/\/gepris.dfg.de\/gepris\/projekt\/441796652<\/a>&nbsp;(Beginn: April 2021)<br>Mitglieder:&nbsp;Katharina Block (Antragstellerin), Andreas Bischof (TU Chemnitz), Ulf Bohmann (TU Chemnitz), Michael Ernst-Heidenreich (Uni Koblenz), Andreas Folkers (Uni Gie\u00dfen),  Anna Henkel (Uni Passau), Antonia Langhof (Uni Bamberg), Henning Laux (TU Chemnitz), Catharina Peeck-Ho (Uni Oldenburg), Annika Schlitte (Uni Greifswald), Volker Sch\u00fcrmann (Sporthochschule K\u00f6ln), Bj\u00f6rn Wendt (Uni M\u00fcnster) und Philipp Zeltner (TU Chemnitz)<\/p>\n","protected":false},"excerpt":{"rendered":"<p>Ecovillages as Incubators for Sustainability TransitionsSchweizerischer Nationalfonds (SNF)Link zum Projekt: https:\/\/ecovillages.theologie.unibas.ch\/deLaufzeit: Juni 2021 bis Mai 2025Prof. Dr. Jens K\u00f6hrsen (Universit\u00e4t Basel) Are Religions Becoming Green?Schweizerischer Nationalfonds (SNF)Laufzeit: Februar 2021 bis Januar 2024Link zum Projekt: https:\/\/greenreligion.theologie.unibas.ch\/en\/are-religions-becoming-greenProf. Dr. Jens K\u00f6hrsen (Universit\u00e4t Basel) Weiterentwicklung und Verstetigung des Open-Access-Journals \u201eSoziologie und Nachhaltigkeit\u201c (SuN)Deutsche Forschungsgemeinschaft (DFG)Laufzeit 2021 bis 2023Link zum &hellip; <a href=\"https:\/\/soziologie-der-nachhaltigkeit.de\/?page_id=259\" class=\"more-link\"><span class=\"screen-reader-text\">Forschungsprojekte<\/span> weiterlesen <span class=\"meta-nav\">&rarr;<\/span><\/a><\/p>\n","protected":false},"author":1,"featured_media":0,"parent":0,"menu_order":0,"comment_status":"closed","ping_status":"closed","template":"","meta":[],"_links":{"self":[{"href":"https:\/\/soziologie-der-nachhaltigkeit.de\/index.php?rest_route=\/wp\/v2\/pages\/259"}],"collection":[{"href":"https:\/\/soziologie-der-nachhaltigkeit.de\/index.php?rest_route=\/wp\/v2\/pages"}],"about":[{"href":"https:\/\/soziologie-der-nachhaltigkeit.de\/index.php?rest_route=\/wp\/v2\/types\/page"}],"author":[{"embeddable":true,"href":"https:\/\/soziologie-der-nachhaltigkeit.de\/index.php?rest_route=\/wp\/v2\/users\/1"}],"replies":[{"embeddable":true,"href":"https:\/\/soziologie-der-nachhaltigkeit.de\/index.php?rest_route=%2Fwp%2Fv2%2Fcomments&post=259"}],"version-history":[{"count":15,"href":"https:\/\/soziologie-der-nachhaltigkeit.de\/index.php?rest_route=\/wp\/v2\/pages\/259\/revisions"}],"predecessor-version":[{"id":643,"href":"https:\/\/soziologie-der-nachhaltigkeit.de\/index.php?rest_route=\/wp\/v2\/pages\/259\/revisions\/643"}],"wp:attachment":[{"href":"https:\/\/soziologie-der-nachhaltigkeit.de\/index.php?rest_route=%2Fwp%2Fv2%2Fmedia&parent=259"}],"curies":[{"name":"wp","href":"https:\/\/api.w.org\/{rel}","templated":true}]}}